{"id":7933,"date":"2024-02-26T21:42:56","date_gmt":"2024-02-27T02:42:56","guid":{"rendered":"https:\/\/grafity-eu.com\/web2\/?post_type=product&#038;p=7933"},"modified":"2024-02-26T21:42:56","modified_gmt":"2024-02-27T02:42:56","slug":"gf1390-hugo-xy-hugo-boss","status":"publish","type":"product","link":"https:\/\/grafity-eu.com\/web2\/producto\/gf1390-hugo-xy-hugo-boss\/","title":{"rendered":"GF1390 HUGO XY HUGO BOSS"},"content":{"rendered":"<p>Marca: Hugo Boss<\/p>\n<p>Modelo: Hugo XY<\/p>\n<p>Referencias:\u00a0GF\u00a01390<\/p>\n<p>G\u00e9nero: Hombre<\/p>\n<p>Contenido: 100 ml<\/p>\n<p>Ocasi\u00f3n: D\u00eda y Noche<\/p>\n<p>Aroma: Arom\u00e1tica<\/p>\n<p>Condici\u00f3n del producto: Nuevo<\/p>\n<p>Notas de coraz\u00f3n: Menta, Albahaca<\/p>\n<p>Notas de Salida: Cedro, Hojas del Peral, Bergamota<\/p>\n<p>Notas de Fondo: Cedro, Almizcle, Pachuli<\/p>\n<p>No testeado en Animales<\/p>\n<p>&nbsp;<\/p>\n<p>HUGO XY HUGO BOSS, Un perfume que describe perfectamente al hombre maduro, aut\u00e9ntico y refinado, con un aura de atracci\u00f3n pura y un encanto visible. Su aroma se destaca por su estela y longevidad, logrando mantenerse durante todo el d\u00eda.<\/p>\n<p>&nbsp;<\/p>\n<p>&nbsp;<\/p>\n<p>&nbsp;<\/p>\n","protected":false},"excerpt":{"rendered":"<p>calidad\u00a0<em><strong>AAA 1.1<\/strong><\/em><\/p>\n<p>HUGO XY HUGO BOSS, Un perfume que describe perfectamente al hombre maduro, aut\u00e9ntico y refinado, con un aura de atracci\u00f3n pura y un encanto visible. Su aroma se destaca por su estela y longevidad, logrando mantenerse durante todo el d\u00eda.<\/p>\n<p>&nbsp;<\/p>\n","protected":false},"featured_media":7934,"template":"","meta":[],"product_cat":[41],"product_tag":[],"_links":{"self":[{"href":"https:\/\/grafity-eu.com\/web2\/wp-json\/wp\/v2\/product\/7933"}],"collection":[{"href":"https:\/\/grafity-eu.com\/web2\/wp-json\/wp\/v2\/product"}],"about":[{"href":"https:\/\/grafity-eu.com\/web2\/wp-json\/wp\/v2\/types\/product"}],"wp:featuredmedia":[{"embeddable":true,"href":"https:\/\/grafity-eu.com\/web2\/wp-json\/wp\/v2\/media\/7934"}],"wp:attachment":[{"href":"https:\/\/grafity-eu.com\/web2\/wp-json\/wp\/v2\/media?parent=7933"}],"wp:term":[{"taxonomy":"product_cat","embeddable":true,"href":"https:\/\/grafity-eu.com\/web2\/wp-json\/wp\/v2\/product_cat?post=7933"},{"taxonomy":"product_tag","embeddable":true,"href":"https:\/\/grafity-eu.com\/web2\/wp-json\/wp\/v2\/product_tag?post=7933"}],"curies":[{"name":"wp","href":"https:\/\/api.w.org\/{rel}","templated":true}]}}