{"id":7910,"date":"2024-02-26T20:56:13","date_gmt":"2024-02-27T01:56:13","guid":{"rendered":"https:\/\/grafity-eu.com\/web2\/?post_type=product&#038;p=7910"},"modified":"2024-02-26T20:56:57","modified_gmt":"2024-02-27T01:56:57","slug":"gf1388-valentino-uomo-born-in-roma-yellow-dream-valentino","status":"publish","type":"product","link":"https:\/\/grafity-eu.com\/web2\/producto\/gf1388-valentino-uomo-born-in-roma-yellow-dream-valentino\/","title":{"rendered":"GF1388 VALENTINO UOMO BORN IN ROMA YELLOW DREAM VALENTINO"},"content":{"rendered":"<p style=\"font-weight: 400;\">Marca: Valentino<\/p>\n<p style=\"font-weight: 400;\">Modelo: Valentino Uomo Born In Roma Yellow Dream<\/p>\n<p style=\"font-weight: 400;\">Referencias:\u00a0GF\u00a01388<\/p>\n<p style=\"font-weight: 400;\">G\u00e9nero: Hombre<\/p>\n<p style=\"font-weight: 400;\">Contenido: 100 ml<\/p>\n<p style=\"font-weight: 400;\">Ocasi\u00f3n: D\u00eda y Noche<\/p>\n<p style=\"font-weight: 400;\">Aroma: \u00c1mbar \u2013 Especiada<\/p>\n<p style=\"font-weight: 400;\">Condici\u00f3n del producto: Nuevo<\/p>\n<p style=\"font-weight: 400;\">Notas de coraz\u00f3n: Jengibre, Pan de Jengibre, Especias<\/p>\n<p style=\"font-weight: 400;\">Notas de Salida: Pi\u00f1a, Mandarina<\/p>\n<p style=\"font-weight: 400;\">Notas de Fondo: Absoluto de Vainilla, Esencia de Cedro<\/p>\n<p style=\"font-weight: 400;\">No testeado en Animales<\/p>\n<p>&nbsp;<\/p>\n<p style=\"font-weight: 400;\">VALENTINO UOMO BORN IN ROMA YELLOW DREAM VALENTINO, Una mezcla tentadora de maravillosos c\u00edtricos, que le aportan un aroma refrescante y ex\u00f3tico, haciendo un homenaje al hombre oriental y al amanecer romano. Su combinaci\u00f3n de notas, abren una invitaci\u00f3n a ver y vivir la vida con alegr\u00eda y optimismo.<\/p>\n","protected":false},"excerpt":{"rendered":"<p>calidad\u00a0<em><strong>AAA 1.1<\/strong><\/em><\/p>\n<p>VALENTINO UOMO BORN IN ROMA YELLOW DREAM VALENTINO, Una mezcla tentadora de maravillosos c\u00edtricos, que le aportan un aroma refrescante y ex\u00f3tico, haciendo un homenaje al hombre oriental y al amanecer romano. Su combinaci\u00f3n de notas, abren una invitaci\u00f3n a ver y vivir la vida con alegr\u00eda y optimismo.<\/p>\n","protected":false},"featured_media":7911,"template":"","meta":[],"product_cat":[41],"product_tag":[],"_links":{"self":[{"href":"https:\/\/grafity-eu.com\/web2\/wp-json\/wp\/v2\/product\/7910"}],"collection":[{"href":"https:\/\/grafity-eu.com\/web2\/wp-json\/wp\/v2\/product"}],"about":[{"href":"https:\/\/grafity-eu.com\/web2\/wp-json\/wp\/v2\/types\/product"}],"wp:featuredmedia":[{"embeddable":true,"href":"https:\/\/grafity-eu.com\/web2\/wp-json\/wp\/v2\/media\/7911"}],"wp:attachment":[{"href":"https:\/\/grafity-eu.com\/web2\/wp-json\/wp\/v2\/media?parent=7910"}],"wp:term":[{"taxonomy":"product_cat","embeddable":true,"href":"https:\/\/grafity-eu.com\/web2\/wp-json\/wp\/v2\/product_cat?post=7910"},{"taxonomy":"product_tag","embeddable":true,"href":"https:\/\/grafity-eu.com\/web2\/wp-json\/wp\/v2\/product_tag?post=7910"}],"curies":[{"name":"wp","href":"https:\/\/api.w.org\/{rel}","templated":true}]}}