{"id":7670,"date":"2024-02-23T19:17:10","date_gmt":"2024-02-24T00:17:10","guid":{"rendered":"https:\/\/grafity-eu.com\/web2\/?post_type=product&#038;p=7670"},"modified":"2024-02-23T19:19:30","modified_gmt":"2024-02-24T00:19:30","slug":"gf1363-woody-oud-maison-alhambra","status":"publish","type":"product","link":"https:\/\/grafity-eu.com\/web2\/producto\/gf1363-woody-oud-maison-alhambra\/","title":{"rendered":"GF1363 WOODY OUD MAISON ALHAMBRA"},"content":{"rendered":"<p style=\"font-weight: 400;\">Marca: Alhambra<\/p>\n<p style=\"font-weight: 400;\">Modelo: Woody Oud Maison<\/p>\n<p style=\"font-weight: 400;\">Referencias:\u00a0GF\u00a01363<\/p>\n<p style=\"font-weight: 400;\">G\u00e9nero: Hombre y Mujer<\/p>\n<p style=\"font-weight: 400;\">Contenido: 80 ml<\/p>\n<p style=\"font-weight: 400;\">Ocasi\u00f3n: D\u00eda y Noche<\/p>\n<p style=\"font-weight: 400;\">Aroma: \u00c1mbar Amaderada<\/p>\n<p style=\"font-weight: 400;\">Condici\u00f3n del producto: Nuevo<\/p>\n<p style=\"font-weight: 400;\">Notas de coraz\u00f3n: S\u00e1ndalo<\/p>\n<p style=\"font-weight: 400;\">Notas de Salida: Madera de Oud<\/p>\n<p style=\"font-weight: 400;\">Notas de Fondo: Madera de Oud, Amberwood, Oud Camboyano<\/p>\n<p style=\"font-weight: 400;\">No testeado en Animales<\/p>\n<p>&nbsp;<\/p>\n<p style=\"font-weight: 400;\">WOODY OUD MAISON ALHAMBRA, Una composici\u00f3n de maderas ex\u00f3ticas que reflejan la esencia de los distintivo y sensual. Dise\u00f1ado para hombres y mujeres exigentes que aman el lujo y la sofisticaci\u00f3n. Una joya olfativa, inigualable que te transporta a un exuberante bosque de misterio y fascinaci\u00f3n<\/p>\n","protected":false},"excerpt":{"rendered":"<p>calidad\u00a0<em><strong>AAA 1.1<\/strong><\/em><\/p>\n<p>WOODY OUD MAISON ALHAMBRA, Una composici\u00f3n de maderas ex\u00f3ticas que reflejan la esencia de los distintivo y sensual. Dise\u00f1ado para hombres y mujeres exigentes que aman el lujo y la sofisticaci\u00f3n. Una joya olfativa, inigualable que te transporta a un exuberante bosque de misterio y fascinaci\u00f3n.<\/p>\n","protected":false},"featured_media":7671,"template":"","meta":[],"product_cat":[41],"product_tag":[],"_links":{"self":[{"href":"https:\/\/grafity-eu.com\/web2\/wp-json\/wp\/v2\/product\/7670"}],"collection":[{"href":"https:\/\/grafity-eu.com\/web2\/wp-json\/wp\/v2\/product"}],"about":[{"href":"https:\/\/grafity-eu.com\/web2\/wp-json\/wp\/v2\/types\/product"}],"wp:featuredmedia":[{"embeddable":true,"href":"https:\/\/grafity-eu.com\/web2\/wp-json\/wp\/v2\/media\/7671"}],"wp:attachment":[{"href":"https:\/\/grafity-eu.com\/web2\/wp-json\/wp\/v2\/media?parent=7670"}],"wp:term":[{"taxonomy":"product_cat","embeddable":true,"href":"https:\/\/grafity-eu.com\/web2\/wp-json\/wp\/v2\/product_cat?post=7670"},{"taxonomy":"product_tag","embeddable":true,"href":"https:\/\/grafity-eu.com\/web2\/wp-json\/wp\/v2\/product_tag?post=7670"}],"curies":[{"name":"wp","href":"https:\/\/api.w.org\/{rel}","templated":true}]}}