{"id":5124,"date":"2024-02-05T18:03:14","date_gmt":"2024-02-05T23:03:14","guid":{"rendered":"https:\/\/grafity-eu.com\/web2\/?post_type=product&#038;p=5124"},"modified":"2024-02-05T18:03:14","modified_gmt":"2024-02-05T23:03:14","slug":"gf1115-chance-eau-tendre-chanel","status":"publish","type":"product","link":"https:\/\/grafity-eu.com\/web2\/producto\/gf1115-chance-eau-tendre-chanel\/","title":{"rendered":"GF1115 CHANCE EAU TENDRE CHANEL"},"content":{"rendered":"<p style=\"font-weight: 400;\">Marca: Chanel<\/p>\n<p style=\"font-weight: 400;\">Modelo: Chance Eau Tendre<\/p>\n<p style=\"font-weight: 400;\">Referencias:\u00a0GF1115<\/p>\n<p style=\"font-weight: 400;\">G\u00e9nero: Mujer<\/p>\n<p style=\"font-weight: 400;\">Contenido: 100ml<\/p>\n<p style=\"font-weight: 400;\">Ocasi\u00f3n: D\u00eda y Noche<\/p>\n<p style=\"font-weight: 400;\">Aroma: Floral-Frutal<\/p>\n<p style=\"font-weight: 400;\">Condici\u00f3n del producto: Nuevo<\/p>\n<p style=\"font-weight: 400;\">Notas de Coraz\u00f2n: Jacinto, Jazm\u00edn<\/p>\n<p style=\"font-weight: 400;\">Notas de Salida: Membrillo, Toronja (Pomelo)<\/p>\n<p style=\"font-weight: 400;\">\u00a0Notas de Fondo: Almizcle, Iris, Cedro de Virginia, \u00c1mbar<\/p>\n<p style=\"font-weight: 400;\">No testeado en Animales<\/p>\n<p>&nbsp;<\/p>\n<p style=\"font-weight: 400;\">CHANCE EAU TENDRE CHANEL, una fragancia delicada y femenina perfecta para aquellas mujeres seguras de s\u00ed mismas, un poco discretas y muy tiernas. Sus notas frutales y sutilmente dulces componen un maravilloso aroma que har\u00e1n que te vuelvas adicta a su olor. Ideal para el d\u00eda a d\u00eda<\/p>\n","protected":false},"excerpt":{"rendered":"<p>calidad\u00a0<em><strong>AAA 1.1<\/strong><\/em><\/p>\n<p>CHANCE EAU TENDRE CHANEL, una fragancia delicada y femenina perfecta para aquellas mujeres seguras de s\u00ed mismas, un poco discretas y muy tiernas. Sus notas frutales y sutilmente dulces componen un maravilloso aroma que har\u00e1n que te vuelvas adicta a su olor.<\/p>\n","protected":false},"featured_media":5126,"template":"","meta":[],"product_cat":[41],"product_tag":[],"_links":{"self":[{"href":"https:\/\/grafity-eu.com\/web2\/wp-json\/wp\/v2\/product\/5124"}],"collection":[{"href":"https:\/\/grafity-eu.com\/web2\/wp-json\/wp\/v2\/product"}],"about":[{"href":"https:\/\/grafity-eu.com\/web2\/wp-json\/wp\/v2\/types\/product"}],"wp:featuredmedia":[{"embeddable":true,"href":"https:\/\/grafity-eu.com\/web2\/wp-json\/wp\/v2\/media\/5126"}],"wp:attachment":[{"href":"https:\/\/grafity-eu.com\/web2\/wp-json\/wp\/v2\/media?parent=5124"}],"wp:term":[{"taxonomy":"product_cat","embeddable":true,"href":"https:\/\/grafity-eu.com\/web2\/wp-json\/wp\/v2\/product_cat?post=5124"},{"taxonomy":"product_tag","embeddable":true,"href":"https:\/\/grafity-eu.com\/web2\/wp-json\/wp\/v2\/product_tag?post=5124"}],"curies":[{"name":"wp","href":"https:\/\/api.w.org\/{rel}","templated":true}]}}