{"id":5033,"date":"2024-02-05T16:49:21","date_gmt":"2024-02-05T21:49:21","guid":{"rendered":"https:\/\/grafity-eu.com\/web2\/?post_type=product&#038;p=5033"},"modified":"2024-02-05T16:51:00","modified_gmt":"2024-02-05T21:51:00","slug":"gf1107-360o-perry-ellis","status":"publish","type":"product","link":"https:\/\/grafity-eu.com\/web2\/producto\/gf1107-360o-perry-ellis\/","title":{"rendered":"GF1107 360\u00ba PERRY ELLIS"},"content":{"rendered":"<p style=\"font-weight: 400;\">Marca: Perry Ellis<\/p>\n<p style=\"font-weight: 400;\">Modelo: 360\u00ba<\/p>\n<p style=\"font-weight: 400;\">Referencias:\u00a0GF1107<\/p>\n<p style=\"font-weight: 400;\">G\u00e9nero: Mujer<\/p>\n<p style=\"font-weight: 400;\">Contenido: 100ml<\/p>\n<p style=\"font-weight: 400;\">Ocasi\u00f3n: D\u00eda<\/p>\n<p style=\"font-weight: 400;\">Aroma: Floral<\/p>\n<p style=\"font-weight: 400;\">Condici\u00f3n del producto: Nuevo<\/p>\n<p style=\"font-weight: 400;\">Notas de Coraz\u00f2n: Lavanda, Nen\u00fafar (Lirio de Agua), Salvia, Lirio de los Valles (Muguete)<\/p>\n<p style=\"font-weight: 400;\">Notas de Salida: Azucena, Mel\u00f3n, Osmanto (Olivo Oloroso), Rosa, Naranja Tangerina<\/p>\n<p style=\"font-weight: 400;\">\u00a0Notas de Fondo: S\u00e1ndalo, \u00c1mbar, Almizcle, Vainilla, Vetiver<\/p>\n<p style=\"font-weight: 400;\">No testeado en Animales<\/p>\n<p>&nbsp;<\/p>\n<p style=\"font-weight: 400;\">360\u00ba PERRY ELLIS, es un perfume cl\u00e1sico, potente y \u00fanico, con una fragancia muy femenina, que lo hacen perfecto para lucir \u00a0en tu d\u00eda a d\u00eda. Sus notas c\u00e1lidas te har\u00e1n lucir brillante sin que pases desapercibida, otorgando a su aroma mucho estilo y vitalidad.<\/p>\n","protected":false},"excerpt":{"rendered":"<p>calidad\u00a0<em><strong>AAA 1.1<\/strong><\/em><\/p>\n<p>360\u00ba PERRY ELLIS, es un perfume cl\u00e1sico, potente y \u00fanico, con una fragancia muy femenina, que lo hacen perfecto para lucir \u00a0en tu d\u00eda a d\u00eda, su aroma reluce el estilo y vitalidad de la mujer que lo lleva.<\/p>\n","protected":false},"featured_media":5034,"template":"","meta":[],"product_cat":[41],"product_tag":[],"_links":{"self":[{"href":"https:\/\/grafity-eu.com\/web2\/wp-json\/wp\/v2\/product\/5033"}],"collection":[{"href":"https:\/\/grafity-eu.com\/web2\/wp-json\/wp\/v2\/product"}],"about":[{"href":"https:\/\/grafity-eu.com\/web2\/wp-json\/wp\/v2\/types\/product"}],"wp:featuredmedia":[{"embeddable":true,"href":"https:\/\/grafity-eu.com\/web2\/wp-json\/wp\/v2\/media\/5034"}],"wp:attachment":[{"href":"https:\/\/grafity-eu.com\/web2\/wp-json\/wp\/v2\/media?parent=5033"}],"wp:term":[{"taxonomy":"product_cat","embeddable":true,"href":"https:\/\/grafity-eu.com\/web2\/wp-json\/wp\/v2\/product_cat?post=5033"},{"taxonomy":"product_tag","embeddable":true,"href":"https:\/\/grafity-eu.com\/web2\/wp-json\/wp\/v2\/product_tag?post=5033"}],"curies":[{"name":"wp","href":"https:\/\/api.w.org\/{rel}","templated":true}]}}