{"id":5010,"date":"2024-02-05T16:29:40","date_gmt":"2024-02-05T21:29:40","guid":{"rendered":"https:\/\/grafity-eu.com\/web2\/?post_type=product&#038;p=5010"},"modified":"2024-04-08T18:15:37","modified_gmt":"2024-04-08T23:15:37","slug":"gf1105-la-belle-le-parfum-jean-paul-gaultier","status":"publish","type":"product","link":"https:\/\/grafity-eu.com\/web2\/producto\/gf1105-la-belle-le-parfum-jean-paul-gaultier\/","title":{"rendered":"GF1105 LA BELLE LE PARFUM JEAN PAUL GAULTIER"},"content":{"rendered":"<p style=\"font-weight: 400;\">Marca: Jean Paul Gaultier<\/p>\n<p style=\"font-weight: 400;\">Modelo: La belle Le Parfum<\/p>\n<p style=\"font-weight: 400;\">Referencias:\u00a0GF1105<\/p>\n<p style=\"font-weight: 400;\">G\u00e8nero: Mujer<\/p>\n<p style=\"font-weight: 400;\">Contenido: 100ml<\/p>\n<p style=\"font-weight: 400;\">Ocasi\u00f3n: D\u00eca y Noche<\/p>\n<p style=\"font-weight: 400;\">Aroma: Oriental<\/p>\n<p style=\"font-weight: 400;\">Condici\u00f3n del producto: Nuevo<\/p>\n<p style=\"font-weight: 400;\">Notas de Coraz\u00f2n: Pera<\/p>\n<p style=\"font-weight: 400;\">Notas de Salida: Vainilla<\/p>\n<p style=\"font-weight: 400;\">\u00a0Notas de Fondo: Haba Tonka<\/p>\n<p style=\"font-weight: 400;\">No testeado en Animales<\/p>\n<p>&nbsp;<\/p>\n<p style=\"font-weight: 400;\">LA BELLE LE PARFUM JEAN PAUL GAULTIER, Un fragancia que con su forma hace alusi\u00f3n a la fruta prohibida en el jard\u00edn del Ed\u00e9n, su composici\u00f3n irresistible cumple todas las expectativas, perfecta para la mujer segura de s\u00ed misma y sofisticada. Su exquisito aroma cautivar\u00e1 todos tus sentidos transport\u00e1ndote a un mundo de elegancia y seducci\u00f3n. Ideal para quienes desean destacarse y dejar una impresi\u00f3n \u00fanica.<\/p>\n","protected":false},"excerpt":{"rendered":"<p>calidad\u00a0<em><strong>AAA 1.1<\/strong><\/em><\/p>\n<p>LA BELLE LE PARFUM JEAN PAUL GAULTIER, Un fragancia que con su forma hace alusi\u00f3n a la fruta prohibida en el jard\u00edn del Ed\u00e9n, su composici\u00f3n irresistible cumple todas las expectativas. Perfecta para la mujer segura de s\u00ed misma y sofisticada.<\/p>\n","protected":false},"featured_media":5011,"template":"","meta":[],"product_cat":[41],"product_tag":[],"_links":{"self":[{"href":"https:\/\/grafity-eu.com\/web2\/wp-json\/wp\/v2\/product\/5010"}],"collection":[{"href":"https:\/\/grafity-eu.com\/web2\/wp-json\/wp\/v2\/product"}],"about":[{"href":"https:\/\/grafity-eu.com\/web2\/wp-json\/wp\/v2\/types\/product"}],"wp:featuredmedia":[{"embeddable":true,"href":"https:\/\/grafity-eu.com\/web2\/wp-json\/wp\/v2\/media\/5011"}],"wp:attachment":[{"href":"https:\/\/grafity-eu.com\/web2\/wp-json\/wp\/v2\/media?parent=5010"}],"wp:term":[{"taxonomy":"product_cat","embeddable":true,"href":"https:\/\/grafity-eu.com\/web2\/wp-json\/wp\/v2\/product_cat?post=5010"},{"taxonomy":"product_tag","embeddable":true,"href":"https:\/\/grafity-eu.com\/web2\/wp-json\/wp\/v2\/product_tag?post=5010"}],"curies":[{"name":"wp","href":"https:\/\/api.w.org\/{rel}","templated":true}]}}